c**3 - c**2 + 13. Suppose -i = -0*i + 1. Let a = i - -1. List the prime factors of j(a).
13
Let v(c) = -30*c. Let s be v(2). Let g = 41 + s. What are the prime factors of g/(-5) - (-2)/10?
2
Let m(r) = r**3 + 7*r**2 + 10*r + 6. List the prime factors of m(-4).
2, 7
Let o(b) = -b**3 + 19*b**2 + 21*b - 4. What are the prime factors of o(20)?
2
Suppose 3*r - 12 = 6. Suppose 9*s = r*s + 15. Let m(o) = 2*o**2 - 5*o - 4. List the prime factors of m(s).
3, 7
Let j(v) = 4*v - 36. Let z be j(6). Let f(y) = -5*y**2 - 16*y - 21. Let d(r) = 6*r**2 + 17*r + 22. Let k(t) = -4*d(t) - 5*f(t). List the prime factors of k(z).
17
Let o be 1 - (-2 - -4 - 3). Suppose -2*p + 3*p - o = 0. What are the prime factors of p?
2
Let i be (5 + -7)/(4/(-18)). Let k = i - 1. What are the prime factors of k?
2
Let m = -9 + 13. Suppose 5*s - 3*i = 90, -3*i = 2*s - 11 - m. What are the prime factors of s?
3, 5
Let c(h) = 3*h + 9. Let u be c(7). Let m be (-4)/10 + 1032/u. Suppose 3*w - m = 23. List the prime factors of w.
19
Let c(w) = 3*w**2 - w + 2. What are the prime factors of c(1)?
2
Let c(y) = -2*y + 10. Let i(g) = -10*g - 1. Let l be i(1). List the prime factors of c(l).
2
Let c be (-4)/(-6) - (-24)/(-9). Let j be (-26)/c + (-10)/(-5). Let w = j - 6. What are the prime factors of w?
3
Suppose -l + 5*r - 18 = 0, -3*r = 3*l - 0*r - 18. Suppose -4*p + 2*d = -34, l*d = -p - 0 - 4. What are the prime factors of (-25)/(-2) - 3/p?
2, 3
Let a(k) = k**3 + 6*k**2 + 3*k - 5. Let q(p) = p**2 - 4. Let z be q(3). Suppose 0 = -x - 4*b - 21, 0 = z*x + b + 14 + 15. List the prime factors of a(x).
5
Let l(y) = -3*y - 7. Suppose 0*x - 12 = 2*x. What are the prime factors of l(x)?
11
Let l = 5 + 15. What are the prime factors of l?
2, 5
Let r be -6 - (-1 + (-4)/(-4)). Let h(y) = -2*y - 5. What are the prime factors of h(r)?
7
Let c(p) be the third derivative of 0*p + 1/60*p**5 - 1/2*p**3 + 2*p**2 + 5/24*p**4 + 0. What are the prime factors of c(-6)?
3
Suppose -4 - 3 = -2*g - t, 0 = -3*g - 2*t + 12. Suppose g*o - 41 = u, 0 = 3*u + 13 + 2. Suppose -5*k = -2*k - o. What are the prime factors of k?
2, 3
Suppose -45 = -2*j - j. Let u be j/10*28/6. Suppose -5*s + 3*r = -21, 3*s = -0*s - r + u. List the prime factors of s.
3
List the prime factors of (2/(-5))/(3/(-30)).
2
Suppose 5*d - 501 - 59 = 0. What are the prime factors of d?
2, 7
Let s = 8 - 5. Suppose 4*k + 2*q - 11 = -s, 3*k - q - 16 = 0. What are the prime factors of k?
2
List the prime factors of (4/6)/(28/4326).
103
Let l = 13 + 2. What are the prime factors of l?
3, 5
Let k(d) = 4*d + 24. List the prime factors of k(9).
2, 3, 5
Let c be (-6 - 0)/((-2)/4). Suppose 4*o - 44 = -c. Suppose -g + o = -0*g. List the prime factors of g.
2
Let a = 8 - 12. Let u(g) = g**2 - g - 3. List the prime factors of u(a).
17
Suppose -h + 18 = -4*h. List the prime factors of ((-84)/(-18))/((-2)/h).
2, 7
Let b(r) = 3*r**2 - 26*r. What are the prime factors of b(11)?
7, 11
Let z = -97 - -166. List the prime factors of z.
3, 23
Let a(x) = 41*x**3 + x**2. Suppose -4 = -3*s - 1. List the prime factors of a(s).
2, 3, 7
List the prime factors of 3 - -314 - 1 - 6/(-3).
2, 3, 53
Let y(r) = 4*r**2 + 4*r - 1. Let u(v) = -7*v**2 - 7*v + 2. Let j(o) = 3*u(o) + 5*y(o). Let c be j(0). What are the prime factors of (13 + -2)*(c + 0)?
11
Let g(f) be the first derivative of -f**3/3 - 3*f**2/2 + f + 1. Let n be g(-6). Let p = n - -29. What are the prime factors of p?
2, 3
Let h = 2 - -1. Suppose -11 = -h*l + 7. What are the prime factors of l?
2, 3
Suppose -j - 3*v = 62 + 23, 2*j + v = -145. Let n = j - -44. Let z = n - -37. What are the prime factors of z?
11
Suppose z = -3*x + 2*z + 10, 0 = -3*x + 2*z + 5. Suppose 6*m + 3*i = m + 95, -m - x*i = 3. List the prime factors of m.
2, 11
Let w(x) = -x**3 + 14*x**2 - 11*x - 9. What are the prime factors of w(13)?
17
Let v(w) = 2*w - 8. Suppose 0 = 3*y + 5*k - 3 - 5, 0 = 4*k + 8. Let g be v(y). Suppose -5*f + 31 = -g*q, -f + q + 13 = f. What are the prime factors of f?
7
List the prime factors of 115/15*(5 - -1).
2, 23
Suppose -3*a + 5*h + 152 = -169, 2*h + 6 = 0. Suppose -4*s = -2*r + 86, 2*s + 3*s + 3*r + a = 0. What are the prime factors of 60/s*(-7)/2?
2, 5
Let h = 4 - 2. Suppose 29 = v + 3*o, v - 6*v - h*o = -119. Let m = v - 9. List the prime factors of m.
2, 7
Let r(m) = 7*m**2 + m - 10. What are the prime factors of r(6)?
2, 31
Suppose 5*g - 5 = 5. Suppose 0 = g*p + 3 - 5. Suppose -c + p = -7. List the prime factors of c.
2
Suppose h = 2*x - 14, 2*x + x = 5*h + 35. List the prime factors of x.
5
Let h(g) be the third derivative of -g**4/2 + g**3/6 - 4*g**2. What are the prime factors of h(-1)?
13
What are the prime factors of 10 - (1 + 1 + 1)?
7
Let q = 3 + -6. What are the prime factors of 6 - -5 - (0 + q)?
2, 7
Suppose 2*g = -4*s + 208, 68 - 14 = s + g. List the prime factors of s.
2, 5
Let a(m) = -m + 7. Let i be (1 - (2 + 0)) + 1. List the prime factors of a(i).
7
Suppose 5*s = -6*s + 1606. List the prime factors of s.
2, 73
Let p(w) = -w + 5. Let l be p(5). Let t(m) = -m**3 + 3. What are the prime factors of t(l)?
3
Suppose d + 4*d = 40. What are the prime factors of d?
2
Let z(l) = -l**3 + 12*l**2 + 3*l + 8. Let s(t) = -5*t - 8. Let x be s(-4). What are the prime factors of z(x)?
2, 11
Suppose -p + 2*p = 8. What are the prime factors of p?
2
Suppose 34*x - 21*x = 4732. What are the prime factors of x?
2, 7, 13
Let k be (0 - 2)/((-6)/(-9)). List the prime factors of k/(78/27 - 3).
3
Let k(a) = 4*a - 1. Let v be k(1). Suppose i - c = 2*c + 8, 40 = v*i - c. Suppose 2*b - i = 4. What are the prime factors of b?
3
Let s = -12 + 74. What are the prime factors of s?
2, 31
Suppose 12*k - 19*k + 2401 = 0. What are the prime factors of k?
7
Let d = -14 + 38. Suppose -a + 5*w - 6 = 2*w, d = -4*a + 3*w. List the prime factors of a/33 - (-136)/22.
2, 3
Suppose x = 2 + 2. What are the prime factors of (x/(-4))/(2/(-64))?
2
Let u(t) = 5*t - 7. Let l(o) = -10*o + 15. Let b(g) = 4*l(g) + 9*u(g). Let w(m) = m**3 + 8*m**2 + 7*m + 3. Let v be w(-7). List the prime factors of b(v).
2, 3
Suppose -p = 3*x - 237, 0*x = p - x - 233. Suppose p = 4*k - k. Suppose -4*o = m - 40, -4*o + k - 14 = -5*m. List the prime factors of o.
11
What are the prime factors of 1*85/(-15)*-15?
5, 17
Let x(g) = g**2 - 2*g. Let v be x(2). Let t(m) be the first derivative of -m**4/4 + 7*m + 1. What are the prime factors of t(v)?
7
List the prime factors of 0 - (3 - 12/1).
3
Suppose -2*u = -0*u + 3*s - 170, -2*u + 190 = -2*s. List the prime factors of u.
7, 13
Suppose 2*q + 168 = 4*h, -q = -5*q - 8. Let c = h + -19. Suppose -2*o + 8 = 4*f, -c = -o + 2*f + 2. What are the prime factors of o?
2, 7
Let o = 80 + -33. What are the prime factors of o?
47
Suppose -j + 21 = 5*p, 0 = 5*p - 0*j - 2*j - 18. Suppose -p*n - 14 = -5*u, -2*u + 4*n = -u - 6. List the prime factors of u/4 - (-13)/2.
7
Let c = -2 + 24. What are the prime factors of c?
2, 11
Suppose 0 = j + 13. Let f = j - -26. List the prime factors of f.
13
Let r = 17 + 0. List the prime factors of r.
17
Let n(v) = -v + 8. Let m be n(5). Suppose -m*i + 80 + 22 = -4*c, i - c = 34. What are the prime factors of i?
2, 17
Let l(p) = -4 - 4*p**2 - 1 - 5*p - p**3 + 1 + 11*p**2. What are the prime factors of l(6)?
2
Let m(p) = 3*p**2 + 12*p - 1. What are the prime factors of m(-6)?
5, 7
Let d(l) = l**2 + 9*l - 2. Let t be (-4 + 0)/(4/8). Let j be d(t). Let q(x) = x**2 + 11*x + 12. What are the prime factors of q(j)?
2
Suppose 2*j = 4 - 0. Suppose 3*p - j*p - 2 = 0. Suppose -4 = -n - p. What are the prime factors of n?
2
Let s = -39 + 21. What are the prime factors of (s/5)/(8/(-20))?
3
Suppose -3*n = -2*n + r, 0 = n - 2*r - 15. Let t = n - -16. What are the prime factors of t?
3, 7
Let t(j) = 8*j - 6. List the prime factors of t(5).
2, 17
Let o(l) = -l**3 + 2*l**2 + 8*l - 9. Let y be o(4). List the prime factors of ((-9)/(-6))/(y/(-84)).
2, 7
Suppose -u - 3*p = -18, -4*p + 69 = 4*u - 11. Suppose 0*s - s - 4*k + 21 = 0, 0 = 2*s + k - u. What are the prime factors of s?
3
Suppose -12 = -h + 1. Suppose -3*i = -11 - h. What are the prime factors of i?
2
Let v be 10/(13/4 - 3). Suppose 3*w = -2*w + 20, 5*i - 5*w = v. What are the prime factors of i?
2, 3
Let n be (4 - 4/(-2))*-1. What are the prime factors of 5*6*(-4)/n?
